= f - 105. Is y a composite number?
False
Suppose 14*u = -u + 31485. Is u a prime number?
True
Let b(k) = -180*k + 917. Is b(-34) prime?
False
Let p(c) = -c**2 + 8*c - 6. Let z be p(9). Let r(v) = -2*v**3 - 28*v**2 + 14*v - 29. Is r(z) composite?
False
Suppose 3*i + w - 8 = 0, 2*i + 0*w + 5*w - 1 = 0. Suppose -i*r + 16 = r. Suppose 0 = r*f - 18 - 58. Is f prime?
True
Let k = 22 - 88. Let t be k/(-36) - 2/(-12). Suppose -t*i - 2*i = 5*d - 1187, -1169 = -4*i + d. Is i a prime number?
True
Suppose -3*r + 2*i + 1183 = 0, 2*r + 3*r = -2*i + 1961. Suppose 6*w - 7*w = -r. Suppose 3*m - 276 = w. Is m composite?
False
Let f(i) = 266*i**3 + i. Let g(y) = -y**2 + 8*y + 21. Let t be g(10). Is f(t) prime?
False
Let f = 6796 - 1599. Is f prime?
True
Let g = -4 + 10. Suppose g*m - 2*m - 7138 = u, u - 3566 = -2*m. Suppose o - 880 = -3*s, o + m = 3*o - 2*s. Is o a composite number?
True
Let u = 8 - 7. Let o be (u - -1)*15/6. Suppose -o*z = -1235 - 20. Is z a prime number?
True
Let b(m) = m**3 - m**2 + m - 1. Let i(k) = -2*k**3 + 2*k**2 - 16*k - 7. Let w(f) = -4*b(f) - i(f). Is w(-5) a prime number?
True
Is (-30361)/(-7) + 74/(-259) composite?
False
Suppose -12*g + 48275 = 407. Suppose -536 = -5*c + g. Is c a prime number?
False
Let d = 7 + -5. Suppose d*y - 7 = y. Is 2249/y - 6/21 a prime number?
False
Let c = -55 - -27. Let t be (16/c)/((-2)/7). Suppose p - 669 = -t*p. Is p a prime number?
True
Suppose 0 = 2*y - 4*j + 14, 4*y - 5*j + 10 = -3. Let g(c) = c**2 - c - y*c**2 - 3*c**2 + 259 + 3*c**2. Is g(0) a composite number?
True
Suppose 5*s = 2*m + 12, -4*m + 4 + 0 = -3*s. Let d be 10/m + 6/(-12). Suppose 0 = d*f - f - 327. Is f prime?
False
Let u(t) = -t + 15. Let z be u(11). Let k = 101 - z. Let g = k - -150. Is g a composite number?
True
Suppose 0*y - 3*y + u + 14822 = 0, 3*y + 2*u - 14807 = 0. Is y prime?
False
Let p be (6/5)/((-3)/(-10)). Let s be (1/1)/(3 - p). Is s + 0 - (5 + -65) a composite number?
False
Suppose 2*h = -h + 1686. Let g = 103 - 46. Suppose -w - 205 = -m, 3*m - h = 2*w + g. Is m composite?
True
Suppose -3*q = -3*h - 552, 5*q = -0*h - 4*h - 754. Let l = 149 - h. Suppose l = -2*m + 7*m. Is m a composite number?
False
Let x = -331 + 326. Let t(c) be the third derivative of -77*c**4/12 - c**3/6 - c**2. Is t(x) prime?
True
Suppose 81 = 5*y + 86. Is (5/(-10))/(y/4388) prime?
False
Let g(n) = 20*n**2 + 2*n + 7. Let r = 0 - -6. Let m be g(r). Suppose -u - z + 110 = -37, 5*u - m = -3*z. Is u a prime number?
True
Let u be 4486 + (-2)/8 + 63/28. Let g = 6943 - u. Is g a prime number?
False
Is 275382/72*8/2 prime?
True
Let n be 6882/30 + 9/15. Suppose n = 2*s - 0*s. Is s a composite number?
True
Suppose -z = -1, -22*o - 2*z = -21*o - 82356. Is o composite?
True
Is (-4 - 1)/(-5)*782/2 composite?
True
Let m = 1817 + -606. Is m a composite number?
True
Let n be 4/22 + 20/11. Let s(k) = -k**3 + 5*k**2 + 6*k + 1. Let r be s(6). Is 191/((-1)/r + n) a prime number?
True
Is ((-57470)/20)/(8/(-16)) a composite number?
True
Let o be (-2*2/8)/((-1)/(-146)). Let y = o - -94. Is y a composite number?
True
Let c be 11 - (1 + -3) - -3. Suppose 4*s + c = 0, 4*r = 4*s - 2*s + 2076. Is r composite?
True
Let v(n) = 15409*n - 8. Is v(1) a composite number?
False
Let n = -33 - -28. Let p be (-27)/n + (-12)/30. Suppose -4*j = -p*j + 3. Is j a prime number?
True
Let i = -5 + 9. Let f be (-2)/i - 3132/(-8). Suppose 0 = 4*z + 75 - f. Is z a composite number?
False
Let w = -16 + 19. Suppose -w*m + 17 = -4*f, -m + 4*f + 3 = -8. Suppose m*p = 119 - 17. Is p a prime number?
False
Let a = -354 - -1099. Is a a composite number?
True
Let j(v) = v**2 + 8*v - 30. Let s be j(-11). Suppose 2*f + 3*f + 3124 = s*k, k - 1045 = -2*f. Is k a composite number?
True
Let c = -28098 - -40249. Is c a prime number?
False
Suppose t - 9 = 4*r + 3, -3*r + 9 = -3*t. Let s(a) = 37*a**2 - 11*a + 7. Is s(t) composite?
True
Suppose -4*g + 3 = -13. Let z = 5 - g. Is 35 + 0 + (1 - z) prime?
False
Let b(x) = 1339*x - 22. Is b(5) a prime number?
True
Let a(m) = -4*m + 202. Let h be a(0). Let k = h - -105. Is k a composite number?
False
Suppose 2*y = 4*f, y + 20 = 6*y. Suppose f*k = -4*a + 48, 0*a - 50 = -4*a - k. Is a composite?
False
Suppose 4*j = 0, 0*d + 4*d = -5*j - 1824. Let h = -324 - d. Let q = h - -167. Is q composite?
True
Is 0*5/(-20)*2 + 591 a composite number?
True
Let j(h) = -48*h - 25. Let n be j(-13). Let y = 692 + n. Is y prime?
True
Let c(r) = -13*r + 4. Let p(u) = 27*u - 7. Let h be (-7)/(-2)*26/(-13). Let g(q) = h*c(q) - 3*p(q). Is g(3) a composite number?
False
Suppose -10*h - 2*m + 78652 = -6*h, -h + 19653 = -2*m. Is h prime?
True
Let r(x) = 280*x - 31. Is r(5) composite?
True
Let b(w) = -2*w**3 + 84*w**2 + 86*w - 47. Is b(40) a composite number?
True
Suppose 0 = -1457*d + 1466*d - 197649. Is d a prime number?
True
Suppose -2*j - 30 = -4*d, 4*d + 7*j - 48 = 3*j. Suppose w - d = -5. Suppose 2*z = 2*b - 680, w*z + 690 = 5*b - 3*b. Is b composite?
True
Let c = 6332 + -595. Is c a composite number?
False
Let d be 6*((-1550)/(-15) - -3). Suppose -w - d = -3*w. Is w composite?
True
Let n(c) = -139*c - 17. Is n(-9) composite?
True
Let o(g) = 194*g**3 + 1. Let j be o(-2). Suppose 2678 = -3*u + 2*z, -2*u + 4*u = -3*z - 1807. Let q = u - j. Is q a composite number?
True
Let l(o) = -o**3 + 25*o**2 - 28*o + 93. Is l(18) composite?
True
Let w = 25 - 23. Let s be 1/((-1)/w) - -326. Let o = -227 + s. Is o a composite number?
False
Suppose 4*c - s - 42 = 0, 12*c + 4*s = 7*c + 63. Suppose 0 = -c*a + 25053 + 5956. Is a a prime number?
True
Let y(f) = -22*f + 2. Let k(a) = 1. Let o(t) = -4*k(t) - y(t). Let s be o(-7). Is 3/(s/(-52) - 3) prime?
False
Let s = -51529 + 89540. Is s a composite number?
False
Suppose 231 = -3*q + 3*v + 711, 0 = -4*q + v + 643. Suppose 7*k - 6*k - q = 0. Is k a prime number?
False
Let p(f) = -2*f + 1. Let r be p(-1). Suppose 3736 + 881 = r*y. Suppose -3*w + y = 300. Is w composite?
True
Let h = 9 + -6. Suppose 0 + 12 = h*d. Suppose 3*c - d*l = 523, 3*c - 252 - 259 = l. Is c prime?
False
Let n be -1 + (-4 - (1 + -3841)). Let h = n + -2146. Is h prime?
False
Let r be (115 - 1) + 6/(-2). Is (-1 - 1/2)*(-77182)/r a prime number?
False
Suppose 110720 + 40606 = 18*k. Is k a composite number?
True
Suppose 0 = 37*h - 26*h - 7249. Is h composite?
False
Let q = 130 + -56. Let t = q - 35. Suppose 11*c = 12*c - t. Is c prime?
False
Let g(m) = 10*m**2 + m**2 - 8*m - 5*m**2 - 25. Is g(-21) prime?
True
Suppose 5*d - 63 = -0*d - 4*f, -f = -3*d + 48. Suppose m - 3 = d. Let x = m - -35. Is x composite?
False
Let c(z) = -50 - 9*z + 7*z**2 + 4*z + 3*z. Is c(29) a composite number?
False
Suppose -6*v = -2*v + 40. Let j = 0 - v. Is (295/j)/((-2)/(-4)) prime?
True
Let k be 4 + 2 + -4 + 2. Suppose 2998 + 1681 = c. Suppose q + o = -2*q + 3518, 0 = k*q - o - c. Is q a prime number?
True
Is (20/6 - 3) + (-410)/(-30) a composite number?
True
Let p(b) = 9*b**2 - b + 9*b - 9 - 3*b**2 - 3*b**2. Is p(-10) prime?
True
Let c(b) be the third derivative of -19*b**4/6 - 13*b**3/6 - b**2 - 2. Is c(-4) composite?
True
Suppose 0 = g - 5*j - 895, 3774 - 1149 = 3*g - 3*j. Let x = g + -1226. Let d = -199 - x. Is d composite?
False
Let w(f) = 18*f**2 - 244*f + 79. Is w(-39) a composite number?
False
Let c be (13/26)/(2/8). Suppose 2*v + 3*b + 246 = 0, c*v + 5*b = -2*v - 494. Is (-8)/(-14) - 29286/v a prime number?
True
Let z(j) = 24*j**3 + 11*j**2 - 18*j + 105. Is z(8) a composite number?
False
Let i = -8 + 10. Suppose 0 = -3*a - m + 8, 12 = i*a - a + 5*m. Suppose 3*c - 3 = 0, -f + a*c + 3 = -2*c. Is f a composite number?
False
Suppose 5*i - 718 = p, 0 = -5*i - 2*p + 5*p + 724. Is i prime?
False
Let n(q) = 2*q**3 + 7*q**2 - 7*q - 12. Let a be n(-10). Let v = -853 - a. Is v a composite number?
False
Suppose -k = -5*d + 38, 2*d - k = -0*k + 14. Suppose -d*l + 2067 = -5. Is l a prime number?
False
Suppose -b + 10 = 4*b. Suppose -8 = -2*p - b. Is 491 + -10 - (p + -1) a composite number?
False
Suppose 162*g + 58296 = 186*g. Is g composite?
True
Is (44/(-12) + 3)/(12/(-1957734)) prime?
False
Let j(q) = q**2 + 12*q + 3. Let d be 59/(-5) - 3/15. Let p be j(d). Suppose 0 = -5*x + p*c + 2438, 3*x - 4*x = -4*c - 491. Is x a composite number?
False
Is (-2126284)/(-18) - ((-572)/(-117) - 5) prime?
True
Let a(u) = -u**2 - 5*u - 7.